 5
Let h(c) be the first derivative of 2*c**2 - 5*c - 11. List the prime factors of h(4).
11
Suppose 29*t - 2625 = 24*t. What are the prime factors of t?
3, 5, 7
Let u = 32 + -14. Suppose -2*x + u = -24. Let l = 80 - x. What are the prime factors of l?
59
Suppose f - 458 - 2475 = -3*a, 0 = -4*a - f + 3912. What are the prime factors of a?
11, 89
Suppose 0 = 3*c - 2*p - 2 - 3, 4*c - 10 = p. Suppose -5*a + 346 = -c*o, a - 5*o - 77 + 21 = 0. List the prime factors of a.
71
Suppose 74 - 212 = -3*c. Let f = -82 + 173. Let z = f - c. What are the prime factors of z?
3, 5
Suppose 18 = 2*o + 16. What are the prime factors of (39 + o)/(15 + -8 + -6)?
2, 5
What are the prime factors of (-194)/((-3)/((-168)/(-16)))?
7, 97
Let n = 630 - 1016. What are the prime factors of -2*n/10 - (-13)/(-65)?
7, 11
Let m be 11/3 - (-2)/6. Let w = 24 - 24. Suppose 3*q = 6, -2*h = -w*h + m*q - 16. List the prime factors of h.
2
Let y(f) = -f**2 - 6*f - 5. Let z be y(-3). What are the prime factors of (-178)/z*(0/1 - 2)?
89
Suppose 4*r - 4029 = 5851. What are the prime factors of r?
2, 5, 13, 19
Let r be (-38)/(-9) - 2/9. Let m(o) = -30*o**3 + 1. Let p be m(-1). Suppose -17 = -r*c + p. What are the prime factors of c?
2, 3
Suppose 4*y - 9 = y. Let d = 408 - 406. Suppose -h + 2 = 0, -y*h - 1 = -d*t + 97. List the prime factors of t.
2, 13
Let h be (-2)/6 - (-30)/9. Let b be (-354)/45 - (-4)/(-30). List the prime factors of h/6 - 132/b.
17
Suppose 0*g = 5*g - 6*g. Suppose g = 3*c - 7*c + 1044. What are the prime factors of c?
3, 29
Let d = -204 + 104. Let v = d - -147. List the prime factors of v.
47
Let i = 28 - 25. Let v be 0*(-1)/2 - i. List the prime factors of 7/1 + (-2 - v).
2
Let b be (1 + -2)*4/(-2). Let k(n) = -5*n**2 - 1. Let j be k(b). What are the prime factors of (-455)/j + (-2)/3?
3, 7
Suppose 5301 - 40301 = -20*c. List the prime factors of c.
2, 5, 7
Let u = -35 + 65. Suppose 0 = 5*q + 3*v + 2*v - u, -5*v = 4*q - 26. Suppose p = 2*r - 6, 2*r + q*p = 4*r - 12. What are the prime factors of r?
2
Let k = 4 + 0. Let g = -21 + k. Let i = 43 + g. What are the prime factors of i?
2, 13
Let z = 1196 + -451. List the prime factors of z.
5, 149
Suppose 6*x - 4*x = -12. What are the prime factors of (x/45*-183)/(5/25)?
2, 61
Let j(r) = 10*r - 76. What are the prime factors of j(30)?
2, 7
Suppose 6 - 1 = s - 5*q, 3*q + 20 = 4*s. Suppose 2*m + 4*f = 310, 421 = 3*m - 0*m - s*f. List the prime factors of m.
3, 7
Suppose -4 = 4*c - 3*c. Let i be (9/c)/((-6)/16). List the prime factors of ((-37)/(-1))/(i - 5).
37
Suppose -4*n = 12*n - 6592. List the prime factors of n.
2, 103
Let k(x) be the second derivative of x**3 + 3*x**2 + 2*x. Let r be k(-7). Let t = -26 - r. List the prime factors of t.
2, 5
Let p = -990 + 1959. List the prime factors of p.
3, 17, 19
Let r = 255 - 174. What are the prime factors of r?
3
Suppose 5*x + 3*r - 2145 = 0, -4*r - 1085 = -2*x - 253. Let a = -230 + x. Suppose -g + 56 = 2*n, 0 = 3*g + g + n - a. List the prime factors of g.
2, 3
Let d(w) = -w**3 - 8*w**2 - 3*w - 1. Suppose 2*t + 25 - 65 = 0. Suppose 0 = -19*l + t*l + 8. List the prime factors of d(l).
23
Suppose 2*k - 3*s = -11 + 38, -36 = -3*k + 3*s. Let c(m) = m**3 - 7*m**2 - 4*m. What are the prime factors of c(k)?
2, 3, 7
Suppose -s - 4 = 0, -5*s = -5*x - 2*s + 27527. List the prime factors of x.
5503
Let w = -119 - -48. Let g(p) = 2*p**3 + 3*p**2 + 2*p + 5. Let a be g(-3). Let l = a - w. List the prime factors of l.
43
What are the prime factors of (15/(-6))/(4/(-1400))?
5, 7
Suppose -5*b = -2*r - 5, 0 = 5*b - 4*r - 0 + 5. Suppose -b*j + 9 = -6, q = -4*j + 136. Suppose q + 44 = 5*d. What are the prime factors of d?
2
Suppose -5 = -0*b - 5*b. Let y = 14 - b. Suppose 0 = w - y + 1. What are the prime factors of w?
2, 3
Let x(a) = 2*a - 6. Let h be x(5). Let b = 2 + h. Let l = 24 + b. List the prime factors of l.
2, 3, 5
Let p(i) = 1 + 29*i + 2*i**2 - 10 - 32*i. What are the prime factors of p(-3)?
2, 3
Let d(h) = h**3 - 7*h**2 + 10*h - 17. Let s(g) = g**3 - 2*g**2 - 2*g + 4. Let o be s(3). What are the prime factors of d(o)?
53
Let m(y) = -55*y + 1447. List the prime factors of m(0).
1447
Let u = -1419 + 4948. List the prime factors of u.
3529
Suppose 0 = -475*g + 474*g + 12. What are the prime factors of g?
2, 3
Suppose 3*l - 11 = -j, 5*j - 4*l + 5 = l. Suppose -p - j = 2. What are the prime factors of p*(69/(-6) - -3)?
2, 17
Let w(k) = 3*k**3 - 73*k**2 + 8*k - 25. List the prime factors of w(25).
3, 5, 19
Suppose 3*i + b - 1993 = 0, -i + 482 + 193 = 3*b. What are the prime factors of i?
3, 13, 17
Let a = 66 - -53. What are the prime factors of a?
7, 17
Suppose -23 - 36 = q + 5*g, -3*q + 3*g - 195 = 0. Suppose -15*d = 839 + 931. Let t = q - d. List the prime factors of t.
2, 3
Let i = 1413 - -2660. List the prime factors of i.
4073
Let m(p) = -p**2 - 46*p - 45. List the prime factors of m(-18).
3, 17
What are the prime factors of 6/8 - (1874/(-8) + 1)?
2, 3, 13
Let j = 1913 + -846. What are the prime factors of j?
11, 97
Let g be 1/(-3) + 371/(-3). Let p = g - -233. What are the prime factors of p?
109
Let f(g) = -g**3 + 2*g + 4. Let q be f(4). Let k = q - -146. What are the prime factors of k?
2, 47
Let t = -5865 + 10064. List the prime factors of t.
13, 17, 19
Let p = -23 + 25. Suppose 4*a = -p*c + 578, -5*c + 634 = 4*a - 805. What are the prime factors of c?
7, 41
Let i = -31 - -38. Let a(r) = r - 6. Let m be a(i). What are the prime factors of (11 - m)*252/45?
2, 7
Let x = -3 + 2. Let t = x - -5. Suppose -t*h - 4 = 2*w, -3*w - 3*h - h - 2 = 0. What are the prime factors of w?
2
Suppose -2 = 4*q - 10. Let m = 1 + q. Suppose -m*w + 2*w = -3. What are the prime factors of w?
3
Suppose -2*s = s - 12, -o = -5*s + 21. What are the prime factors of -2*26/(-4) - (-3)/o?
2, 5
Suppose -3*n - 8 = -4*k, 13*k + n = 14*k - 1. List the prime factors of k.
5
Let g(w) = w - 2. Let p be g(2). Suppose -f - f + 24 = p. Let l(x) = x**2 - 9*x - 4. What are the prime factors of l(f)?
2
Let f(j) = -61*j + 3. Let o be f(-1). Suppose 0 = 5*g + o - 589. List the prime factors of g.
3, 5, 7
Suppose 8*s = 4006 + 314. Suppose 9*t + 3*t = s. List the prime factors of t.
3, 5
Let y(t) = t**2 + 13*t + 12. Let u be y(-12). Suppose u = -4*l - 2*l + 54. Suppose 130 = 5*x + 5*a, 4*x - a - 85 = l. List the prime factors of x.
2, 3
Suppose 5*x = 8*x - 15. Suppose x*i = -4*p + 586, -4*p = -i + 160 - 38. What are the prime factors of i?
2, 59
Let h be (-4)/6*(-3)/(-2)*-1381. Suppose -9*z - 31 = -h. What are the prime factors of z?
2, 3, 5
Suppose 3718 = 18*i - 36314. List the prime factors of i.
2, 139
Suppose 8239 = 654*y - 647*y. What are the prime factors of y?
11, 107
Suppose 3*m - 315 = 3*s, -8*m - 3*s = -10*m + 214. What are the prime factors of m?
101
Let m be 3 + (3 - (1 + -4 + 154)). Let u = m - -215. What are the prime factors of u?
2, 5, 7
Let q = 22 - 15. Let x(p) = -3*p - p**2 - 8 + 2*p**2 - p**3 - q*p**2. List the prime factors of x(-6).
2, 5
Let l(c) = -2*c**2 + 17*c - 52. Let a(h) = -h**2 + 9*h - 27. Let w(q) = 5*a(q) - 3*l(q). Let u be 22/4 - (-2)/4. What are the prime factors of w(u)?
3, 7
Let j = 8 - 5. Let z = -46 - 302. What are the prime factors of (z/18)/((-2)/j)?
29
Suppose 9*r - 172 = -5*t + 13*r, 4*t - r - 131 = 0. List the prime factors of t.
2
Let i(u) = 67 + 7*u**2 - 56 - 6*u - 4*u**2. What are the prime factors of i(6)?
83
Let j(u) = 8*u**3 + 3*u**2 + 5*u - 3. Let t be j(3). Let y = t - 171. List the prime factors of y.
2, 3, 7
Suppose -4 = 7*o + 38. List the prime factors of 1340/8 - -4 - o/4.
173
Suppose -2*f + 3*h = -761, 3*f - 4*h = 724 + 418. Suppose -8*d = -50 - f. What are the prime factors of d?
2, 3
Suppose -27*d = -25*d - 176. Suppose 29 - 4 = 5*i. Suppose j = 0, i*g + j - d = g. List the prime factors of g.
2, 11
Suppose -3*h + 3 - 9 = 0. What are the prime factors of (-190)/h*(-1)/((-4)/4)?
5, 19
Suppose q + 23 = -136. Let v = 224 + q. Let c = v - 44. What are the prime factors of c?
3, 7
Suppose 2*f + 16 = 16. Suppose -m - 5*z + 47 = -0*m, f = 2*m + z - 58. What are the prime factors of m?
3
Let i(b) = b**2 - 8*b + 4. Let h be i(7). What are the prime factors of (41*(1 - 0))/(h/(-6))?
2, 41
Let z(w) = -14*w - 7. Let n(u) = -5*u - 2. Let c(k) = 8*n(k) - 3*z(k). Let i be c(0). List t